+ 3*y. List the prime factors of z(f).
3, 5
Suppose -2*u + 842 = -2*n, 5*u + 699 = 4*n + 2801. Let f = u - 281. What are the prime factors of f?
137
Suppose 3*c = -3 + 18. Let r = -433 - -771. Suppose 5*s - o = 408, -c*s = 4*o - 55 - r. What are the prime factors of s?
3
Suppose -u = -4*u - 108. Let x = 54 + u. Let h = x + 25. What are the prime factors of h?
43
Suppose 35 - 7 = 4*x. Suppose -2*m - 3*l = -210, 6*l = -m + x*l + 115. List the prime factors of m.
3, 37
Suppose u = 5*u + 20. Let g(i) be the second derivative of i**5/20 + 7*i**4/12 + 2*i**3/3 + 17*i. List the prime factors of g(u).
2, 3, 5
Let f = -7 - -10. Suppose -4*y = q - f*y + 3, 4*y + 12 = -3*q. Suppose q = 5*s - 117 - 3. List the prime factors of s.
2, 3
Suppose 3*g + 5*q + 10 = 0, 45 = 4*g + g - 4*q. List the prime factors of ((-66)/g)/(36/(-120)).
2, 11
Suppose 0 = -3*v + 3, 2*p + 23*v - 5756 = 19*v. What are the prime factors of p?
2, 719
Let x be (-1)/((2 - (2 - -1))/3). Let f(j) = 4*j**3 - 3*j**2 - 5*j + 7. What are the prime factors of f(x)?
73
Let l be 0/((-3)/(-6*(-2)/(-4))). Suppose l = 13*m - 14*m + 24. What are the prime factors of m?
2, 3
Let m = 1439 + -860. List the prime factors of m.
3, 193
Let a(q) = -680*q**3 - 6*q**2 - 4*q + 2. List the prime factors of a(-1).
2, 5, 17
Suppose 4*b = 4*s + 4368, -17*s - 2189 = -2*b - 16*s. List the prime factors of b.
1097
Let d = 1640 + -886. What are the prime factors of d?
2, 13, 29
Suppose 0 = 2*j + 17 - 5. Let v be (4 + -1)*(-4)/j. List the prime factors of (v - -1)/(-3) + 11.
2, 5
Suppose 27 = 2*m + 25. List the prime factors of (-5)/(-5)*(23/m - -2).
5
Let t(p) = -5*p - 9*p - 9 - 12*p. What are the prime factors of t(-4)?
5, 19
Suppose -3*d + h + 112 = 0, -4*d + 4*h - 22 = -158. What are the prime factors of d?
3, 13
Let s(v) = -v**2 + 8*v - 9. Let f be s(6). Let z(u) = 9*u - 5. Let t be z(f). What are the prime factors of t*9*(-4)/(-12)?
2, 3, 11
Let c = 368 - 218. Suppose -5*b - 5*u = -740, -b - 3*u + 0*u = -c. What are the prime factors of b?
3, 7
Let w(x) = -7*x**2 - x + 1. Let o be w(-1). Let i(k) = -17*k + 3. List the prime factors of i(o).
2, 11
Let a(k) = 3*k + 12. Let v be a(-15). Let p be ((-6)/(-6))/(1/v). Let j = p + 58. List the prime factors of j.
5
Let g(v) = -21*v + 67. Let q(s) = -22*s + 68. Let h(b) = -3*g(b) + 2*q(b). What are the prime factors of h(5)?
2, 3, 5
Suppose 8*m - 1717 - 12459 = 0. List the prime factors of m.
2, 443
Suppose 3*f - 34 = -5*w, -57 = -2*f - 2*f + 5*w. Suppose 12 = 4*a - 3*j, -5*a = 3*j - f - 29. Suppose -a*i + 40 = -4*i. What are the prime factors of i?
2, 5
Suppose 8 = 8*u - 4*u. Suppose -4*n - u*b - b = -19, 0 = 5*n - 4*b - 47. Suppose -3*y - 134 = -4*c, y - n = -4*c + 135. List the prime factors of c.
5, 7
Let y(r) = r**2 + 3*r + 10. Let o be (-2)/(-8) + 400/(-64). List the prime factors of y(o).
2, 7
Let z be (3/(-2))/((-15)/(-40)). Let p = z - -8. Suppose -j - 3*j - p = 0, -2*x = -3*j - 19. What are the prime factors of x?
2
Suppose 0 = 5*x - 2237 + 317. Let t be 5 + -5 - x/(-3). Suppose h = -3*h + t. What are the prime factors of h?
2
Suppose 4*r + 18 = 2*r. Let a be 9/(-6)*60/r. Let w = a + 17. What are the prime factors of w?
3
Let j be (2/(-4))/(6/(-792)). Let q(z) = 46*z. Let i be q(-1). Let k = j + i. List the prime factors of k.
2, 5
Suppose -3 = 3*o - 15. Let r(z) = -8*z + 16. Let m be r(-12). Suppose 0 = -3*c - 5*n + m, o*n - 3*n = -2*c + 70. What are the prime factors of c?
2, 17
Let b = 12 - 12. Let q be (1 + 23/(-3))*96/(-20). Suppose 0 = -t - b*t + q. List the prime factors of t.
2
Suppose -7*z - 20*z + 14067 = 0. What are the prime factors of z?
521
Suppose -2*k + k = 6. Let q(s) = -s**3 - 6*s**2 - 8*s - 2. Let n be q(k). Suppose 4*a - 162 = -n. What are the prime factors of a?
29
Suppose 5*l - 3*b - 865 = -8*b, 531 = 3*l - 3*b. List the prime factors of l.
5, 7
What are the prime factors of (-14 - -18)/((-4)/(-22))?
2, 11
Let i(k) = 8 + 4 + 7*k + 3*k + 3*k. List the prime factors of i(5).
7, 11
Suppose -26*k + 16864 = 5*k. What are the prime factors of k?
2, 17
List the prime factors of -4 + 1686 - (7 + -8 - 6).
3, 563
Suppose 5*a - 39 = -14. Let k = a - 9. What are the prime factors of (-11 - (-4)/k)*-1?
2, 3
Suppose -39*k + 8310 = -33*k. What are the prime factors of k?
5, 277
Let i(f) be the first derivative of -5*f**3/3 - 9*f**2/2 + 6*f - 6. Let x(z) = 6*z**2 + 9*z - 6. Let w(g) = -7*i(g) - 6*x(g). List the prime factors of w(5).
2, 7
Suppose -7*t + 11*t = 280. Let g = t + 26. List the prime factors of g.
2, 3
Let j be (6 - 9) + 1*-22. Let a = 45 + j. Suppose -2*m + 10 = 0, 3*m = -2*b + 7*m + a. List the prime factors of b.
2, 5
Let q(j) = j**3 + 37*j**2 - 46*j + 87. List the prime factors of q(-38).
17, 23
Suppose -3*v - 2070 = 5*m - 8*v, 0 = 2*m + v + 816. Let s = -235 - m. What are the prime factors of s?
5, 7
Suppose 5*a - 3929 = -8*l, -3*a - 2*l + 0*l + 2363 = 0. What are the prime factors of a?
3, 263
Suppose m - 2*m = y - 17, 0 = 5*m + 4*y - 82. Suppose 0*k + n + 34 = 2*k, -n + m = k. List the prime factors of k.
2
Let p(f) = f + 34. Let j be p(0). Suppose -n = -3*n - j. Let z = 38 + n. List the prime factors of z.
3, 7
Suppose -14 = 3*p - 1199. What are the prime factors of (-5 - p/(-15))/(2/12)?
2
Suppose 4*f - 6*q + 2*q - 752 = 0, q + 752 = 4*f. What are the prime factors of f?
2, 47
Suppose -5*j = -8*j + 1179. Suppose 1147 + j = 5*h. What are the prime factors of h?
2, 7, 11
Let q(a) = 2*a**2 - 54*a - 312. What are the prime factors of q(51)?
2, 3, 89
Let v be 3/12 + 1246/8. Suppose 2*a + 2*a - v = 0. What are the prime factors of a?
3, 13
Let f be 3 + 0 - 14*-21. Let i = -202 + f. Suppose 4*c + 4*b = i + 13, b = 5*c - 135. What are the prime factors of c?
3
Let h = 347 + -202. Let d = 343 - h. List the prime factors of d.
2, 3, 11
Let c(m) = -8*m + 8 - 8 - 11 - 1. List the prime factors of c(-5).
2, 7
Let b = -95 + 489. What are the prime factors of b?
2, 197
Let h(b) = b**3 + 8*b**2 + 6*b - 3. Suppose 33 + 2 = -5*q. Let k be h(q). Suppose 18 - 1 = v - 3*n, 4*n = -k. What are the prime factors of v?
2, 7
Suppose 0 = 3*w + 4*m - 197, w - 3*w = -2*m - 136. Suppose -w = -2*b + 289. What are the prime factors of b?
2, 89
Let w(l) = -l. Let f be w(-4). Suppose t - 5 = 0, -f*u = -u + t - 347. List the prime factors of u/2*(-26)/(-39).
2, 19
Suppose -37*q = -32*q - 25. Suppose -4*n = -q*f - 545, -2*f + 556 + 150 = 5*n. List the prime factors of n.
2, 5, 7
Suppose -15996 = -8*b + 3260. List the prime factors of b.
29, 83
Suppose -5 = s + h - 0, -2*h = 4*s + 12. List the prime factors of (6/(-8))/(s/152*1).
2, 3, 19
Let b be 2/10 - (-1152)/(-60). Let h = b + 58. List the prime factors of h.
3, 13
Let u(h) = h**2 + 13*h + 9. Let w be u(-11). Let a = w + 19. What are the prime factors of a/3 - (-25 + 1)?
2, 13
Suppose -21*q + 19752 = 3*q. What are the prime factors of q?
823
Let f be 2126/8 - (-6)/24. Let a = f - 128. List the prime factors of a.
2, 3, 23
Let j = 14 - 12. Suppose a - 5 = -x, -2*a + 14 = x + j*x. Let k = 11 - a. List the prime factors of k.
2, 5
Let i(q) = -39*q - 1. Let o = -5 - -10. Let c be 6/(-9) - o/15. List the prime factors of i(c).
2, 19
Let b(i) = 68*i**2 + 17*i - 87. List the prime factors of b(4).
1069
Let q(v) = 5*v**3 + 4*v**2 - 11*v - 13. Let m be q(-4). Let d = -104 - m. What are the prime factors of d?
11
Suppose -17*q + 12*q + 14220 = 0. What are the prime factors of q?
2, 3, 79
Let r(l) = 4*l**2 + 44*l - 55. List the prime factors of r(-22).
11, 83
Suppose -5*l - 193 = -518. Let t = -46 + l. List the prime factors of t.
19
Let n(u) be the first derivative of -u**4/4 + 5*u**3/3 + 7*u**2/2 - u - 6. Let k be n(6). What are the prime factors of ((-26)/k)/((-1)/5)?
2, 13
What are the prime factors of 6/(-4)*(-1 - 1473/9)?
13, 19
Let n = 18 + -13. Suppose -12 = 4*b, 0*a = -5*a - n*b + 55. Let m = a + 5. List the prime factors of m.
19
Let y = -1327 - -2488. List the prime factors of y.
3, 43
Suppose 2*d = -3*r - 0*r - 100, 0 = 5*r + 4*d + 168. Let o = 12 - r. Suppose q + q = o. What are the prime factors of q?
2, 11
Suppose 28 = 9*l - 13*l. Let z = l - -11. Suppose 4*m = -2*k + 46, -2*k + 2 + z = 0. What are the prime factors of m?
2, 5
Suppose 313*t + 88 = 314*t. What are the prime factors of t?
2, 11
Suppose 2*r + 